me factors of ((g/(-1))/(-3))/(-2)?
2, 11
Suppose 0 = -5*h - 2*c + 70, 0 = -h + 5*h - c - 56. Let r be 6/h + 160/35. Suppose -2*v = 3*o - 29 - 13, -r*v - 5*o + 105 = 0. List the prime factors of v.
3, 7
Let k = 9 + -4. Suppose 0 = -a + b + k, -b + 17 = 5*a - 2*b. What are the prime factors of 12/a*3/2?
2, 3
Suppose 4*b + 2*l - 14544 = -2*l, 0 = 3*l - 6. List the prime factors of b.
2, 23, 79
Let k(a) = -3*a + 14. Let b be k(7). What are the prime factors of (-47)/(-1) + b + 9?
7
Let h(b) = 7*b**3 + 4*b - 3. Let o be h(2). Suppose o = x + 17. List the prime factors of x.
2, 11
Suppose 0 = -3*x + d + 749, 0*x - 4*x - 5*d + 967 = 0. What are the prime factors of x?
2, 31
Suppose -2*t = -3*a + 3, -3*t + 12 = 2*t - a. Suppose -4*y + t*g + 184 = -g, 2*y - 83 = 5*g. What are the prime factors of y?
7
Suppose -428 + 108 = 5*z. Let n be (-109)/((-1*3)/(-3)). Let k = z - n. List the prime factors of k.
3, 5
Let a = -32 + 35. Let u(j) = 11*j + a*j**2 + j**2 - 12 - 5*j**2. What are the prime factors of u(4)?
2
Let i(f) = -f**2 - 10*f - 4. Let a be i(-8). Let t be (0 - 10)*12/5. What are the prime factors of (-3)/a + (-558)/t?
23
Let k(r) = r**3 - 56*r**2 - 29*r - 234. What are the prime factors of k(57)?
2, 3, 227
Suppose o - 5*u - 2787 = -239, -3*o = -3*u - 7668. List the prime factors of o.
2, 1279
Suppose 8*k - 18277 = -1909. List the prime factors of k.
2, 3, 11, 31
Let s be (-2730)/28 + (-5)/(-2). Let c = 190 + s. List the prime factors of c.
5, 19
Let p(l) = 2*l**2. Let v = 11 + -12. Let t be p(v). Suppose -2*s + 4 = -t. What are the prime factors of s?
3
Let y be 30/(-9)*(2 - -1). What are the prime factors of 2/(-10) + ((-682)/y - 5)?
3, 7
Suppose 243 = 12*f - 11*f + 2*k, -5*k = f - 237. What are the prime factors of f?
13, 19
Let k = 14 + -9. Suppose -k*f + 30 = 5*s, 0 = -f - f + 2*s + 8. List the prime factors of f.
5
Let k(w) = -w - 1. Let f be k(-3). Suppose -2*c + 35 = o - 11, -4*c = -f*o - 92. List the prime factors of c.
23
List the prime factors of (-1 + 2/6)*(-1401 - 45).
2, 241
Let v(i) = i**3 - 17*i**2 + 32. Let p be v(17). Suppose -296 - 12 = -4*d. Suppose -3*a = p - d. List the prime factors of a.
3, 5
Suppose -5*t + 6 = -2*t, 5*h - 184 = 3*t. Let p = 64 - h. List the prime factors of p.
2, 13
Let t be 0/((-6)/((-6)/(1 + 1))). Suppose -2*n - 15 + 383 = t. List the prime factors of n.
2, 23
What are the prime factors of 1259644/1073 - 8/(-148)?
2, 587
Let o = 89 + -190. Let j = 165 + o. Suppose -j = 5*c - 219. What are the prime factors of c?
31
Let d(b) = -b**2 - 2*b + 12. Let f be d(-5). What are the prime factors of 70*((3 - 1) + f)*-1?
2, 5, 7
List the prime factors of ((-17)/(-1))/(105/26 + -4).
2, 13, 17
Let p = -16 - 2. Let o = 49 + p. What are the prime factors of o?
31
Let n be (22/(-8))/((-2)/8). Suppose -5*m - 4 = -m. Let a = n - m. What are the prime factors of a?
2, 3
Let p(d) = 16*d**2 + 21*d - 284. List the prime factors of p(10).
2, 7, 109
Suppose 0 = -152*m + 144*m + 3288. What are the prime factors of m?
3, 137
Let k = -124 + 129. Suppose 4*n - 268 = 2*i + 524, 209 = n + k*i. What are the prime factors of n?
199
Suppose -5*w + 3154 = -2*n, -w + 5*n - 359 = -999. What are the prime factors of w?
2, 3, 5, 7
Suppose 2*l - 5*l = -6. Suppose c - u + l - 3 = 0, -3*c + 5*u = -5. Suppose -3*i + 151 - 16 = c. What are the prime factors of i?
3, 5
Suppose 0 = -4*v - 166 - 586. Let p = 328 + v. Let c = p + -97. List the prime factors of c.
43
Let f(u) = -u - 6. Let z(j) = 3*j + 11. Let d(k) = -15*f(k) - 6*z(k). What are the prime factors of d(-7)?
3, 5
Let r = -28 + 71. Let g = r - 31. List the prime factors of g.
2, 3
Let w be (-1)/1 + (0 - -1). Suppose -3*g = -2*c + 119, -5*g + 159 = -w*c + 2*c. List the prime factors of c.
67
Suppose 2*s - 1644 = -4*s. Let u = 393 - s. What are the prime factors of u?
7, 17
Let n(z) = 3*z**3 + 26*z**2 + 2*z - 33. Let o(t) = -4*t**3 - 27*t**2 - 2*t + 33. Let h(d) = -3*n(d) - 2*o(d). What are the prime factors of h(-24)?
3
Suppose -50*k + 37349 + 22051 = 0. List the prime factors of k.
2, 3, 11
Suppose -4*r - o - 72 = -5*o, 2*r = 3*o - 39. Let s be (-1059)/r + 6/15. Let w = -4 + s. What are the prime factors of w?
67
Suppose 0 = -2*n - 3*i - 228, -4*i - 238 = 4*n + 210. Let z = -49 - n. What are the prime factors of z?
59
Let u = -1 - -1. Suppose u = -3*z - z - 40. Let q = -7 - z. List the prime factors of q.
3
Suppose d = 5*o + 1118, 3479 + 2137 = 5*d + o. What are the prime factors of d?
1123
Let r(z) = 2*z**3 + 300 - 305 + 4*z + 2*z**2 + 5*z. List the prime factors of r(4).
191
Suppose -23*h = -8594 - 15786. What are the prime factors of h?
2, 5, 53
Suppose 3*f - 1 = -7, 3*i - 5 = -2*f. Suppose 0 = -5*v - 5*r + 235, -5*v - i*r + 227 = -16. List the prime factors of v.
3, 17
Suppose -5916 = -16*a + 11*a + 4*b, 5*a - 2*b - 5918 = 0. What are the prime factors of a?
2, 37
Let x = -6 - -8. Suppose -2*r + h + 10 = 6*h, -28 = -x*r + 4*h. List the prime factors of ((-16)/r)/(14/(-35)).
2
Suppose 45*u - 44*u = 950. What are the prime factors of u?
2, 5, 19
Let x = -10 + 7. List the prime factors of (x - 4 - 1)*(1 - 2).
2
Suppose 273*d + 6888 = 280*d. What are the prime factors of d?
2, 3, 41
Let u be 0 + (-7)/((-28)/180). Suppose -12*p - u = -15*p. What are the prime factors of p?
3, 5
What are the prime factors of 24 - 27 - (-6910)/2 - 1?
7, 17, 29
Suppose -374 + 1179 = -7*h. Let c = 209 + h. List the prime factors of c.
2, 47
Let o(c) = -3*c**3 + 3*c**3 + 8 - 8*c**2 + 5 - c**3 + 8*c. Let j be ((-18)/4 - 0)*2. List the prime factors of o(j).
2, 11
Suppose c = -0*c + o + 507, -5*c = 5*o - 2585. Suppose 3*b = -b + c. Suppose -2*y - z = z - b, 0 = -3*z + 3. What are the prime factors of y?
3, 7
Let o be 3/(-5) + 2202/(-30). List the prime factors of o/3*(-1 + -2).
2, 37
Let t(f) = f**3 + 4*f**2. Let d be t(-2). Suppose h - 4*b - 2 = 4*h, -h + 3*b + d = 0. Let z(a) = 4*a**2 + 2*a - 2. List the prime factors of z(h).
2, 3
What are the prime factors of -5 + (-2)/1 + 12 - -1186?
3, 397
Let c = 3043 - 779. What are the prime factors of c?
2, 283
Let l be (-2)/7 - (-6)/21. Suppose 5*u - 7*u + 42 = l. List the prime factors of u.
3, 7
Suppose p - 1351 = -3*k, -p + 0*k + 1386 = -4*k. What are the prime factors of p?
2, 683
List the prime factors of 105/(-35)*(-3860)/6.
2, 5, 193
Let b = 1516 - -586. List the prime factors of b.
2, 1051
Let h(d) = d**2 - 2*d - 4. Let c be h(4). Let o = -4 + c. Suppose -3*u = 3*j + 2*u - 74, o = -3*j - 2*u + 62. List the prime factors of j.
2, 3
Let y = 48 + -7. List the prime factors of y.
41
Suppose -5*r + 350 = -160. Suppose -4*y = 4*s - 598 + 174, 0 = s + 3*y - r. List the prime factors of s.
2, 3
Suppose 3*v = v - 34. Let b = 17 + v. Let l = 10 + b. What are the prime factors of l?
2, 5
Suppose -2*f = 3*s - 159, 2*s + 35 = f + 134. Let q = s - 4. What are the prime factors of q?
47
Suppose -5*s = -6 - 14. Let y(m) = -4*m - 1. Let u be y(4). Let p = s - u. What are the prime factors of p?
3, 7
Suppose -w + 491 = -4*l, -l + 982 = -17*w + 19*w. What are the prime factors of w?
491
Let b be 8/((-64)/36 + 2). Suppose -b = -3*w + 12. Let z = w - -37. List the prime factors of z.
53
Let a be ((-10)/40)/((-1)/12). Suppose -a*p = 12 - 3. What are the prime factors of (7/p)/7*-6?
2
Let m(g) = g**3 - 11*g**2 + 18*g - 48. Let i be m(9). Let u = i - -119. List the prime factors of u.
71
Let b(f) = -f**2 + 3*f - 7. Let x be b(3). Let r(o) = o + 11. Let a be r(x). Let z(n) = n**2 + n + 3. List the prime factors of z(a).
23
Let w(m) = m**3 + 14*m**2 - 9*m - 17. Let j be w(-14). Let y = j + -41. List the prime factors of y.
2, 17
Let f be ((1 - 0) + 82)*12/4. Let r = -63 + f. What are the prime factors of r?
2, 3, 31
Suppose 8 + 25 = -3*l. Let o = l - -11. Suppose o*h - 35 = -h. What are the prime factors of h?
5, 7
Let r(a) = 3*a**3 - 6*a**2 + 2*a**3 - 4*a - 2*a**3 - 6*a**3 - 14. List the prime factors of r(-4).
2, 7
Let b(a) = a**2 - 12*a + 4. Let t be b(13). Suppose 229 = z - t. What are the prime factors of z?
2, 3, 41
What are the prime factors of (48/(9 + -12))/((-2)/149)?
2, 149
Suppose -k + 3 = 0, 0 = -2*o + 3*k - 2*k - 1461. Let z be ((-4)/6)/(18/o). Suppose z = -x + 2*x. List the prime factors of x.
3
Suppose -u + 6*u - 25 = 0. Suppose -12 = -u*l + 2*v, 0*v + 1 = l + v. Supp